{"id":2681,"date":"2015-07-01T08:57:55","date_gmt":"2015-07-01T08:57:55","guid":{"rendered":"https:\/\/www.fundacionmigres.org\/?page_id=2681"},"modified":"2024-06-25T21:46:36","modified_gmt":"2024-06-25T21:46:36","slug":"voluntariado","status":"publish","type":"page","link":"https:\/\/www.fundacionmigres.org\/en\/voluntariado\/","title":{"rendered":"Voluntariado"},"content":{"rendered":"<div class=\"wpb-content-wrapper\"><p>[vc_row css=&#8221;.vc_custom_1435137339284{margin-bottom: -30px !important;}&#8221;][vc_column width=&#8221;2\/3&#8243;][vc_column_text]Creemos que el<strong> voluntariado ambiental<\/strong> cumple una funci\u00f3n primordial en la conservaci\u00f3n del medio ambiente. As\u00ed, desde el inicio, nuestro programa de voluntariado ha tenido un papel fundamental tanto en el estudio y seguimiento de aves como en las actividades de informaci\u00f3n y sensibilizaci\u00f3n ambiental que realizamos. De este modo ha llegado a convertirse en uno de los mejores ejemplos de \u201cciencia ciudadana\u201d y, en los \u00faltimos a\u00f1os, <strong>m\u00e1s de 2.000 voluntarios han participado en las distintas campa\u00f1as y actividades que organizamos<\/strong>.<\/p>\n<p>Actualmente y hasta el 30 de noviembre de 2015 estaremos realizando el seguimiento de la migraci\u00f3n de aves marinas desde la Isla de Tarifa.<\/p>\n<p>Si quieres participar, escr\u00edbenos a <a href=\"mailto:colaboradores@fundacionmigres.org\">colaboradores@fundacionmigres.org<\/a>[\/vc_column_text][\/vc_column][vc_column width=&#8221;1\/3&#8243;][vc_single_image image=&#8221;2682&#8243; border_color=&#8221;grey&#8221; img_link_large=&#8221;&#8221; img_link_target=&#8221;_self&#8221; img_size=&#8221;large&#8221; alignment=&#8221;right&#8221;][\/vc_column][\/vc_row]<\/p>\n<\/div>","protected":false},"excerpt":{"rendered":"<p>[vc_row css=&#8221;.vc_custom_1435137339284{margin-bottom: -30px !important;}&#8221;][vc_column width=&#8221;2\/3&#8243;][vc_column_text]Creemos que el voluntariado ambiental cumple una funci\u00f3n primordial en la conservaci\u00f3n del medio ambiente. As\u00ed, desde el inicio, nuestro programa de [&hellip;]<\/p>\n","protected":false},"author":1,"featured_media":0,"parent":0,"menu_order":0,"comment_status":"closed","ping_status":"closed","template":"","meta":{"_mc_calendar":[],"footnotes":""},"_links":{"self":[{"href":"https:\/\/www.fundacionmigres.org\/en\/wp-json\/wp\/v2\/pages\/2681"}],"collection":[{"href":"https:\/\/www.fundacionmigres.org\/en\/wp-json\/wp\/v2\/pages"}],"about":[{"href":"https:\/\/www.fundacionmigres.org\/en\/wp-json\/wp\/v2\/types\/page"}],"author":[{"embeddable":true,"href":"https:\/\/www.fundacionmigres.org\/en\/wp-json\/wp\/v2\/users\/1"}],"replies":[{"embeddable":true,"href":"https:\/\/www.fundacionmigres.org\/en\/wp-json\/wp\/v2\/comments?post=2681"}],"version-history":[{"count":9,"href":"https:\/\/www.fundacionmigres.org\/en\/wp-json\/wp\/v2\/pages\/2681\/revisions"}],"predecessor-version":[{"id":2793,"href":"https:\/\/www.fundacionmigres.org\/en\/wp-json\/wp\/v2\/pages\/2681\/revisions\/2793"}],"wp:attachment":[{"href":"https:\/\/www.fundacionmigres.org\/en\/wp-json\/wp\/v2\/media?parent=2681"}],"curies":[{"name":"wp","href":"https:\/\/api.w.org\/{rel}","templated":true}]}}

<div class="wpb-content-wrapper"><p>[vc_row css=&#8221;.vc_custom_1435137339284{margin-bottom: -30px !important;}&#8221;][vc_column width=&#8221;2/3&#8243;][vc_column_text]Creemos que el<strong> voluntariado ambiental</strong> cumple una función primordial en la conservación del medio ambiente. Así, desde el inicio, nuestro programa de voluntariado ha tenido un papel fundamental tanto en el estudio y seguimiento de aves como en las actividades de información y sensibilización ambiental que realizamos. De este modo ha llegado a convertirse en uno de los mejores ejemplos de “ciencia ciudadana” y, en los últimos años, <strong>más de 2.000 voluntarios han participado en las distintas campañas y actividades que organizamos</strong>.</p>
<p>Actualmente y hasta el 30 de noviembre de 2015 estaremos realizando el seguimiento de la migración de aves marinas desde la Isla de Tarifa.</p>
<p>Si quieres participar, escríbenos a <a href="mailto:colaboradores@fundacionmigres.org">colaboradores@fundacionmigres.org</a>[/vc_column_text][/vc_column][vc_column width=&#8221;1/3&#8243;][vc_single_image image=&#8221;2682&#8243; border_color=&#8221;grey&#8221; img_link_large=&#8221;&#8221; img_link_target=&#8221;_self&#8221; img_size=&#8221;large&#8221; alignment=&#8221;right&#8221;][/vc_column][/vc_row]</p>
</div>

<p>[vc_row css=&#8221;.vc_custom_1435137339284{margin-bottom: -30px !important;}&#8221;][vc_column width=&#8221;2/3&#8243;][vc_column_text]Creemos que el voluntariado ambiental cumple una función primordial en la conservación del medio ambiente. Así, desde el inicio, nuestro programa de [&hellip;]</p>
